19481257?
2
What is the millions digit of 53144719?
3
What is the tens digit of 189659481?
8
What is the hundreds digit of 2879695554?
5
What is the ten thousands digit of 45874679?
7
What is the hundred millions digit of 183832381?
1
What is the thousands digit of 58181098?
1
What is the hundred thousands digit of 893516589?
5
What is the tens digit of 748732729?
2
What is the hundred thousands digit of 82465604?
4
What is the thousands digit of 1144544517?
4
What is the hundred thousands digit of 43882880?
8
What is the tens digit of 1586360760?
6
What is the millions digit of 520093726?
0
What is the thousands digit of 77463584?
3
What is the hundred thousands digit of 346373461?
3
What is the ten millions digit of 527863482?
2
What is the tens digit of 22976026?
2
What is the millions digit of 552390138?
2
What is the millions digit of 4926405873?
6
What is the units digit of 35285360?
0
What is the millions digit of 201011303?
1
What is the ten thousands digit of 202223200?
2
What is the ten thousands digit of 535621466?
2
What is the ten millions digit of 730456057?
3
What is the ten millions digit of 380966804?
8
What is the hundred thousands digit of 44154802?
1
What is the hundred millions digit of 756463776?
7
What is the tens digit of 257785866?
6
What is the ten millions digit of 1084417683?
8
What is the thousands digit of 244812124?
2
What is the hundred thousands digit of 17596166?
5
What is the units digit of 889740508?
8
What is the hundred thousands digit of 1410280081?
2
What is the tens digit of 65993709?
0
What is the units digit of 111899128?
8
What is the hundred millions digit of 406335216?
4
What is the tens digit of 1296970549?
4
What is the ten thousands digit of 2044197742?
9
What is the millions digit of 18417419?
8
What is the hundred thousands digit of 1547605322?
6
What is the thousands digit of 29671006?
1
What is the millions digit of 120085782?
0
What is the thousands digit of 79380406?
0
What is the ten millions digit of 155774817?
5
What is the ten thousands digit of 39504417?
0
What is the hundred thousands digit of 801170020?
1
What is the hundreds digit of 240379739?
7
What is the hundred thousands digit of 407441113?
4
What is the ten millions digit of 19086746?
1
What is the hundred millions digit of 171868306?
1
What is the tens digit of 414198864?
6
What is the hundreds digit of 69751999?
9
What is the tens digit of 373601449?
4
What is the tens digit of 749086?
8
What is the millions digit of 12058743?
2
What is the hundreds digit of 586743376?
3
What is the ten thousands digit of 142110588?
1
What is the tens digit of 560998408?
0
What is the hundred millions digit of 504105914?
5
What is the hundreds digit of 589216271?
2
What is the ten thousands digit of 523757034?
5
What is the millions digit of 88436883?
8
What is the thousands digit of 1218037419?
7
What is the hundred thousands digit of 40210072?
2
What is the hundred millions digit of 1180279658?
1
What is the units digit of 105577883?
3
What is the hundred millions digit of 7759608307?
7
What is the millions digit of 598521341?
8
What is the millions digit of 140122303?
0
What is the hundred millions digit of 169630475?
1
What is the units digit of 4957225154?
4
What is the billions digit of 2784933452?
2
What is the ten millions digit of 2215303567?
1
What is the tens digit of 1805461532?
3
What is the hundreds digit of 118714686?
6
What is the hundreds digit of 2106977108?
1
What is the thousands digit of 43315335?
5
What is the thousands digit of 47619961?
9
What is the units digit of 1980803181?
1
What is the hundreds digit of 35125817?
8
What is the hundred thousands digit of 608653098?
6
What is the hundred thousands digit of 127325256?
3
What is the ten thousands digit of 67565754?
6
What is the thousands digit of 53027748?
7
What is the thousands digit of 65567859?
7
What is the hundred millions digit of 816359927?
8
What is the units digit of 501254255?
5
What is the ten thousands digit of 18759225?
5
What is the millions digit of 319260422?
9
What is the hundreds digit of 272377773?
7
What is the millions digit of 2505533561?
5
What is the millions digit of 33764769?
3
What is the billions digit of 1171074691?
1
What is the millions digit of 3306227644?
6
What is the tens digit of 115196416?
1
What is the tens digit of 365106979?
7
What is the thousands digit of 41762053?
2
What is the units digit of 1192503173?
3
What is the ten millions digit of 43454249?
4
What is the hundreds digit of 67262607?
6
What is the hundreds digit of 12262714?
7
What is the thousands digit of 369579251?
9
What is the tens digit of 821442423?
2
What is the ten thousands digit of 1311815811?
1
What is the millions digit of 901438382?
1
What is the ten millions digit of 1546329189?
4
What is the millions digit of 63800010?
3
What is the ten millions digit of 61649726?
6
What is the ten millions digit of 501211328?
0
What is the hundred thousands digit of 29936161?
9
What is the millions digit of 121604411?
1
What is the millions digit of 7440950600?
0
What is the thousands digit of 80150517?
0
What is the thousands digit of 356583188?
3
What is the hundreds digit of 140889389?
3
What is the ten millions digit of 619189467?
1
What is the tens digit of 3845875578?
7
What is the thousands digit of 188761634?
1
What is the ten thousands digit of 85819523?
1
What is the ten thousands digit of 31411376?
1
What is the ten thousands digit of 8608516?
0
What is the tens digit of 3255547843?
4
What is the thousands digit of 410932003?
2
What is the thousands digit of 3106589470?
9
What is the millions digit of 55169846?
5
What is the ten thousands digit of 73746725?
4
What is the billions digit of 6310699779?
6
What is the hundred thousands digit of 36678869?
6
What is the ten millions digit of 434449690?
3
What is the ten thousands digit of 192116984?
1
What is the hundred millions digit of 191404410?
1
What is the units digit of 14794134?
4
What is the tens digit of 14044192?
9
What is the thousands digit of 195731842?
1
What is the hundreds digit of 10417923?
9
What is the ten thousands digit of 1097411522?
1
What is the ten millions digit of 3453394893?
5
What is the hundred millions digit of 151820715?
1
What is the ten millions digit of 174430700?
7
What is the millions digit of 855808425?
5
What is the tens digit of 23865455?
5
What is the hundred thousands digit of 363061595?
0
What is the hundreds digit of 334425035?
0
What is the thousands digit of 48155294?
5
What is the ten thousands digit of 5518529881?
2
What is the hundreds digit of 781308199?
1
What is the units digit of 193306059?
9
What is the units digit of 498450135?
5
What is the hundred thousands digit of 23975186?
9
What is the thousands digit of 3401310?
1
What is the millions digit of 2327775010?
7
What is the thousands digit of 1114581?
4
What is the ten thousands digit of 87786000?
8
What is the hundred thousands digit of 1175257777?
2
What is the ten thousands digit of 543178627?
7
What is the ten thousands digit of 15668299?
6
What is the units digit of 266954931?
1
What is the ten thousands digit of 125500584?
0
What is the hundred millions digit of 188549675?
1
What is the hundreds digit of 951802193?
1
What is the hundred thousands digit of 96451036?
4
What is the millions digit of 56214938?
6
What is the ten millions digit of 1780613340?
8
What is the ten millions digit of 223687377?
2
What is the ten thousands digit of 413874039?
7
What is the units digit of 25675008?
8
What is the ten millions digit of 75154573?
7
What is the thousands digit of 7839445?
9
What is the units digit of 801309355?
5
What is the ten millions digit of 43827030?
4
What is the thousands digit of 162660795?
0
What is the tens digit of 17841494?
9
What is the ten thousands digit of 33460504?
6
What is the millions digit of 147755520?
7
What is the millions digit of 1818392160?
8
What is the ten millions digit of 909874642?
0
What is the hundreds digit of 60754615?
6
What is the hundred millions digit of 3573910635?
5
What is the ten millions digit of 45946144?
4
What is the ten millions digit of 78122725?
7
What is the ten thousands digit of 214991311?
9
What is the ten millions digit of 525979836?
2
